{"id":421,"date":"2021-02-26T09:37:40","date_gmt":"2021-02-26T09:37:40","guid":{"rendered":"https:\/\/bewerbung.pomberger.com\/?page_id=421"},"modified":"2026-03-17T12:25:33","modified_gmt":"2026-03-17T11:25:33","slug":"bewerben-als-facharbeiter-in-fuer-produktion","status":"publish","type":"page","link":"https:\/\/bewerbung.pomberger.com\/?page_id=421","title":{"rendered":"Bewerben als Facharbeiter\/in f\u00fcr Produktion"},"content":{"rendered":"\n[et_pb_section fb_built=&#8220;1&#8243; fullwidth=&#8220;on&#8220; _builder_version=&#8220;4.16&#8243; global_colors_info=&#8220;{}&#8220;][et_pb_fullwidth_slider _builder_version=&#8220;4.16&#8243; background_image=&#8220;https:\/\/bewerbung.pomberger.com\/\/wp-content\/uploads\/2021\/02\/prozess-scaled.jpg&#8220; global_colors_info=&#8220;{}&#8220;][et_pb_slide heading=&#8220;Bewerben als Facharbeiter\/in f\u00fcr Produktion&#8220; use_bg_overlay=&#8220;on&#8220; _builder_version=&#8220;4.16&#8243; global_colors_info=&#8220;{}&#8220; sticky_transition=&#8220;on&#8220;][\/et_pb_slide][\/et_pb_fullwidth_slider][\/et_pb_section][et_pb_section fb_built=&#8220;1&#8243; _builder_version=&#8220;4.16&#8243; global_colors_info=&#8220;{}&#8220;][et_pb_row column_structure=&#8220;3_5,2_5&#8243; _builder_version=&#8220;4.16&#8243; global_colors_info=&#8220;{}&#8220;][et_pb_column type=&#8220;3_5&#8243; _builder_version=&#8220;4.16&#8243; custom_padding=&#8220;|||&#8220; global_colors_info=&#8220;{}&#8220; custom_padding__hover=&#8220;|||&#8220;][et_pb_blurb title=&#8220;DEIN Aufgabengebiet&#8220; use_icon=&#8220;on&#8220; _builder_version=&#8220;4.16&#8243; global_colors_info=&#8220;{}&#8220;]<p>Dich erwartet eine abwechslungsreiche T\u00e4tigkeit in unserer ganz j\u00e4hrlich gleichm\u00e4\u00dfig beheizten (ca. 24 bis 26 \u00b0C) und l\u00e4rmarmen Produktionshalle in Bad Goisern am Hallst\u00e4ttersee.<\/p>\n<p>Unsere hochmodernen, pr\u00e4zisen CNC-Maschinen \u00fcbernehmen essenzielle Arbeitsschritte in der Fertigung unserer Brillenfassungen. Du hilfst dabei mit, ein international beliebtes Fashion-Accessoire zu kreieren und Brillentr\u00e4ger weltweit gl\u00fccklicher zu machen. Von New York \u00fcber Sydney bis nach Bad Goisern, unsere Produkte l\u00f6sen Emotionen aus und begeistern Menschen weltweit.<\/p>\n<p>Ein famili\u00e4res Miteinander ist uns dabei genauso wichtig wie die richtige Balance im Leben jedes einzelnen in unserem Team. Ein umfassendes Weiterbildungsangebot hilft dabei, stets in Bewegung zu bleiben und die Begeisterung am Arbeiten zu erhalten.<\/p>\n<p>Bei uns bist du keine &#8222;Nummer&#8220;, sondern bleibst Mensch und kannst dich entwickeln und einbringen. Unsere Firmenwerte &#8222;Lernbereitschaft, Offenheit, Ehrlichkeit, Flei\u00df und Verbundenheit&#8220; unterst\u00fctzen uns dabei.<\/p>\n<p>&nbsp;<\/p>[\/et_pb_blurb][\/et_pb_column][et_pb_column type=&#8220;2_5&#8243; _builder_version=&#8220;4.27.6&#8243; _module_preset=&#8220;default&#8220; global_colors_info=&#8220;{}&#8220;][et_pb_image src=&#8220;https:\/\/pomberger.com\/wp-content\/uploads\/2021\/11\/140x140_Georg_Holzer.jpg&#8220; _builder_version=&#8220;4.27.6&#8243; _module_preset=&#8220;default&#8220; global_colors_info=&#8220;{}&#8220;][\/et_pb_image][et_pb_text _builder_version=&#8220;4.27.6&#8243; _module_preset=&#8220;default&#8220; hover_enabled=&#8220;0&#8243; global_colors_info=&#8220;{}&#8220; sticky_enabled=&#8220;0&#8243;]<p>&#8222;Ich freue mich auf deine Bewerbung&#8220;<\/p>\n<p>\u00a0<strong>Georg Holzer<br \/><\/strong><em>Produktionsleitung &amp; Einkauf<br \/><\/em><span>Erreichbar \u00fcber den Innendienst +43 6135 7465<\/span><br \/><a>georg.holzer@pomberger.com<\/a><\/p>\n<p>&nbsp;<\/p>[\/et_pb_text][\/et_pb_column][\/et_pb_row][et_pb_row _builder_version=&#8220;4.16&#8243; global_colors_info=&#8220;{}&#8220;][et_pb_column type=&#8220;4_4&#8243; _builder_version=&#8220;4.16&#8243; global_colors_info=&#8220;{}&#8220;][et_pb_video src=&#8220;https:\/\/www.youtube.com\/watch?v=wYBVV7AL0Xg&#8220; _builder_version=&#8220;4.16&#8243; width=&#8220;50%&#8220; module_alignment=&#8220;center&#8220; global_colors_info=&#8220;{}&#8220;][\/et_pb_video][\/et_pb_column][\/et_pb_row][et_pb_row _builder_version=&#8220;4.16&#8243; global_colors_info=&#8220;{}&#8220;][et_pb_column type=&#8220;4_4&#8243; _builder_version=&#8220;4.16&#8243; global_colors_info=&#8220;{}&#8220;][et_pb_image src=&#8220;https:\/\/bewerbung.pomberger.com\/wp-content\/uploads\/2026\/03\/Facharbeiter01_emotional.webp&#8220; _builder_version=&#8220;4.27.6&#8243; _module_preset=&#8220;default&#8220; title_text=&#8220;Facharbeiter01_emotional&#8220; hover_enabled=&#8220;0&#8243; sticky_enabled=&#8220;0&#8243;][\/et_pb_image][\/et_pb_column][\/et_pb_row][et_pb_row _builder_version=&#8220;4.16&#8243; global_colors_info=&#8220;{}&#8220;][et_pb_column type=&#8220;4_4&#8243; _builder_version=&#8220;4.16&#8243; custom_padding=&#8220;|||&#8220; global_colors_info=&#8220;{}&#8220; custom_padding__hover=&#8220;|||&#8220;][et_pb_blurb title=&#8220;Zu deinen AuFgaben geh\u00f6ren&#8220; use_icon=&#8220;on&#8220; _builder_version=&#8220;4.16&#8243; custom_margin=&#8220;||22px|||&#8220; global_colors_info=&#8220;{}&#8220;]<ul>\n<li>Das Einstellen, Umr\u00fcsten und Kontrollieren von CNC-Maschinen<\/li>\n<li>Zusammenarbeit mit Design und Technischer Leitung beim Prototypenbau von neuen Brillenfassungen<\/li>\n<li>Die Durchf\u00fchrung von Wartungen und Reparaturen an Maschinen<\/li>\n<li>Die Bedienung und das Einstellen von halbautomatischen Maschinen nach einer Einschulungsphase<\/li>\n<li>Unterst\u00fctzung beim Entwickeln und Anfertigen von neuen Werkzeugen f\u00fcr die Produktion<\/li>\n<\/ul>[\/et_pb_blurb][\/et_pb_column][\/et_pb_row][et_pb_row _builder_version=&#8220;4.16&#8243; custom_padding=&#8220;0|0px|27px|0px|false|false&#8220; global_colors_info=&#8220;{}&#8220;][et_pb_column type=&#8220;4_4&#8243; _builder_version=&#8220;4.16&#8243; custom_padding=&#8220;|||&#8220; global_colors_info=&#8220;{}&#8220; custom_padding__hover=&#8220;|||&#8220;][et_pb_blurb title=&#8220;UNSERE Anforderungen an dich&#8220; use_icon=&#8220;on&#8220; _builder_version=&#8220;4.16&#8243; global_colors_info=&#8220;{}&#8220;]<p>Eine <strong>abgeschlossene Lehre<\/strong> in einem technischen Beruf.<br \/><em>oder<\/em><br \/>Eine <strong>abgeschlossene<\/strong> oder <strong>abgebrochene<\/strong> Ausbildung an einer <strong>HTL<\/strong>.<\/p>\n<p>EDV-Grundkenntnisse sind erforderlich (einfache Tablet-Bedienung).<\/p>\n<p>Arbeiten mit Hausverstand ist f\u00fcr uns ebenso wichtig, wie die F\u00e4higkeit zum strukturierten und selbstst\u00e4ndigen Arbeiten.<\/p>\n<p>F\u00fcr die Erweiterung unseres sympathischen Betriebsklimas suchen wir teamf\u00e4hige Menschen.<\/p>\n<p>Erfahrung im Arbeiten mit und der Einstellung von CNC-Maschinen ist ein Plus.<\/p>\n<p>&nbsp;<\/p>[\/et_pb_blurb][\/et_pb_column][\/et_pb_row][et_pb_row _builder_version=&#8220;4.16&#8243; custom_padding=&#8220;0|0px|0|0px|false|false&#8220; global_colors_info=&#8220;{}&#8220;][et_pb_column type=&#8220;4_4&#8243; _builder_version=&#8220;4.16&#8243; custom_padding=&#8220;|||&#8220; global_colors_info=&#8220;{}&#8220; custom_padding__hover=&#8220;|||&#8220;][et_pb_blurb title=&#8220;LOHN&#8220; use_icon=&#8220;on&#8220; _builder_version=&#8220;4.16&#8243; global_colors_info=&#8220;{}&#8220;]<p>Brutto-Jahreslohn: <strong>37,000 &#8211; 53.000 <\/strong>\u00a0EUR<br \/><span style=\"font-size: x-small;\"><em>(Berechnungsstand 01.05.2025 &#8211; 40h pro Woche &#8211; inkl. Erfolgsbeteiligung A-Mitarbeiter)<\/em><\/span><\/p>\n<p>Dein Gehalt richtet sich nach deiner Berufserfahrung und Vorkenntnissen.<\/p>\n<p>Gerne sind wir bei besonderen Vorkenntnissen und\/oder Berufserfahrung zur \u00dcberzahlung bereit.<\/p>\n<p><em>N\u00fctzliches Tool: <a href=\"https:\/\/onlinerechner.haude.at\/BMF-Brutto-Netto-Rechner\/\">Brutto-Netto-Rechner vom Bundesministerium Finanzen<\/a>\u00a0<\/em><\/p>\n<p>&nbsp;<\/p>\n<p>&nbsp;<\/p>[\/et_pb_blurb][\/et_pb_column][\/et_pb_row][et_pb_row _builder_version=&#8220;4.16&#8243; global_colors_info=&#8220;{}&#8220;][et_pb_column type=&#8220;4_4&#8243; _builder_version=&#8220;4.16&#8243; global_colors_info=&#8220;{}&#8220;][et_pb_image src=&#8220;https:\/\/bewerbung.pomberger.com\/wp-content\/uploads\/2026\/03\/Facharbeiter02_emotional.webp&#8220; _builder_version=&#8220;4.27.6&#8243; _module_preset=&#8220;default&#8220; title_text=&#8220;Facharbeiter02_emotional&#8220; hover_enabled=&#8220;0&#8243; sticky_enabled=&#8220;0&#8243;][\/et_pb_image][\/et_pb_column][\/et_pb_row][et_pb_row _builder_version=&#8220;4.16&#8243; custom_padding=&#8220;0|0px|27px|0px|false|false&#8220; global_colors_info=&#8220;{}&#8220;][et_pb_column type=&#8220;4_4&#8243; _builder_version=&#8220;4.16&#8243; custom_padding=&#8220;|||&#8220; global_colors_info=&#8220;{}&#8220; custom_padding__hover=&#8220;|||&#8220;][et_pb_blurb title=&#8220;Deine Dienstzeiten&#8220; use_icon=&#8220;on&#8220; _builder_version=&#8220;4.16&#8243; global_colors_info=&#8220;{}&#8220;]<p>Vollzeit: <strong>40<\/strong> h pro Woche<\/p>\n<p>Normalarbeitszeiten:<\/p>\n<ul>\n<li>Mo &#8211; Do:\u00a0 \u00a007:00 &#8211; 16:00<\/li>\n<li>Fr:\u00a0 \u00a0 \u00a0 \u00a0 \u00a0 \u00a0 \u00a0 07:00 &#8211; 13:00<\/li>\n<\/ul>\n<p>Pausenzeiten:<\/p>\n<ul>\n<li>Mo &#8211; Fr:\u00a0 \u00a0 \u00a009:00 &#8211; 09:15<\/li>\n<li>Mo &#8211; Do:\u00a0 \u00a0 12:00 &#8211; 12:30<\/li>\n<\/ul>\n<p>Sommerarbeitszeiten (je nach Temperatur): <br \/>Wenn gew\u00fcnscht, auch flexible Arbeitszeiten. Arbeitsende\/Arbeitsbeginn je ein bis zwei Stunden fr\u00fcher.<\/p>\n<p>Teilzeit: Ist je nach Vereinbarung m\u00f6glich.<\/p>[\/et_pb_blurb][\/et_pb_column][\/et_pb_row][et_pb_row _builder_version=&#8220;4.16&#8243; global_colors_info=&#8220;{}&#8220;][et_pb_column type=&#8220;4_4&#8243; _builder_version=&#8220;4.16&#8243; custom_padding=&#8220;|||&#8220; global_colors_info=&#8220;{}&#8220; custom_padding__hover=&#8220;|||&#8220;][et_pb_blurb title=&#8220;Deine Bewerbung&#8220; use_icon=&#8220;on&#8220; _builder_version=&#8220;4.16&#8243; global_colors_info=&#8220;{}&#8220;]<p>Danke f\u00fcr dein Interesse.<\/p>\n<p>Der erste Schritt deiner Bewerbung kann nur \u00fcber die Webseite erfolgen. In der zweiten Stufe kontaktieren wir dich telefonisch. So k\u00f6nnen wir uns etwas besser kennenlernen.<\/p>\n<p>In der darauf folgenden Stufe laden wir dich zu einem pers\u00f6nlichen Gespr\u00e4ch und zu einem Probearbeitstag bei uns in der Firma ein.<\/p>[\/et_pb_blurb][\/et_pb_column][\/et_pb_row][et_pb_row _builder_version=&#8220;4.16&#8243; global_colors_info=&#8220;{}&#8220;][et_pb_column type=&#8220;4_4&#8243; _builder_version=&#8220;4.16&#8243; custom_padding=&#8220;|||&#8220; global_colors_info=&#8220;{}&#8220; custom_padding__hover=&#8220;|||&#8220;][et_pb_button button_url=&#8220;https:\/\/forms.gle\/YwTTRwE8YGkFtg9p8&#8243; url_new_window=&#8220;on&#8220; button_text=&#8220;Jetzt online Bewerben&#8220; button_alignment=&#8220;center&#8220; _builder_version=&#8220;4.16&#8243; global_colors_info=&#8220;{}&#8220;][\/et_pb_button][\/et_pb_column][\/et_pb_row][et_pb_row _builder_version=&#8220;4.16&#8243; global_colors_info=&#8220;{}&#8220;][et_pb_column type=&#8220;4_4&#8243; _builder_version=&#8220;4.16&#8243; global_colors_info=&#8220;{}&#8220;][et_pb_image src=&#8220;https:\/\/bewerbung.pomberger.com\/wp-content\/uploads\/2026\/03\/Teamfoto_2026_klein.webp&#8220; _builder_version=&#8220;4.27.6&#8243; _module_preset=&#8220;default&#8220; title_text=&#8220;Teamfoto_2026_klein&#8220; hover_enabled=&#8220;0&#8243; sticky_enabled=&#8220;0&#8243;][\/et_pb_image][\/et_pb_column][\/et_pb_row][\/et_pb_section][et_pb_section fb_built=&#8220;1&#8243; _builder_version=&#8220;4.16&#8243; global_colors_info=&#8220;{}&#8220;][et_pb_row column_structure=&#8220;3_5,2_5&#8243; _builder_version=&#8220;4.16&#8243; global_colors_info=&#8220;{}&#8220;][et_pb_column type=&#8220;3_5&#8243; _builder_version=&#8220;4.16&#8243; custom_padding=&#8220;|||&#8220; global_colors_info=&#8220;{}&#8220; custom_padding__hover=&#8220;|||&#8220;][et_pb_text _builder_version=&#8220;4.16&#8243; global_colors_info=&#8220;{}&#8220;]<p>Selbstverst\u00e4ndlich ist auch eine Bewerbung <strong>ohne Google-Account<\/strong> m\u00f6glich. Verwende dazu bitte unser Alternativformular. Solltest du dich dazu entscheiden, sende uns deinen Lebenslauf und weitere relevante Dokumente bitte an <a href=\"mailto:bewerbung@pomberger.com\">bewerbung@pomberger.com<\/a>.<\/p>[\/et_pb_text][\/et_pb_column][et_pb_column type=&#8220;2_5&#8243; _builder_version=&#8220;4.16&#8243; custom_padding=&#8220;|||&#8220; global_colors_info=&#8220;{}&#8220; custom_padding__hover=&#8220;|||&#8220;][et_pb_button button_url=&#8220;https:\/\/forms.gle\/agYJph8EjGquhjyG6&#8243; url_new_window=&#8220;on&#8220; button_text=&#8220;Alternativformular&#8220; button_alignment=&#8220;center&#8220; _builder_version=&#8220;4.16&#8243; custom_button=&#8220;on&#8220; button_text_color=&#8220;#9e9e9e&#8220; button_font=&#8220;||||||||&#8220; global_colors_info=&#8220;{}&#8220;][\/et_pb_button][\/et_pb_column][\/et_pb_row][\/et_pb_section]\n","protected":false},"excerpt":{"rendered":"<p>Dich erwartet eine abwechslungsreiche T\u00e4tigkeit in unserer ganz j\u00e4hrlich gleichm\u00e4\u00dfig beheizten (ca. 24 bis 26 \u00b0C) und l\u00e4rmarmen Produktionshalle in Bad Goisern am Hallst\u00e4ttersee. Unsere hochmodernen, pr\u00e4zisen CNC-Maschinen \u00fcbernehmen essenzielle Arbeitsschritte in der Fertigung unserer Brillenfassungen. Du hilfst dabei mit, ein international beliebtes Fashion-Accessoire zu kreieren und Brillentr\u00e4ger weltweit gl\u00fccklicher zu machen. Von New York [&hellip;]<\/p>\n","protected":false},"author":3,"featured_media":0,"parent":0,"menu_order":0,"comment_status":"closed","ping_status":"closed","template":"","meta":{"_et_pb_use_builder":"on","_et_pb_old_content":"","_et_gb_content_width":"","footnotes":""},"class_list":["post-421","page","type-page","status-publish","hentry"],"_links":{"self":[{"href":"https:\/\/bewerbung.pomberger.com\/index.php?rest_route=\/wp\/v2\/pages\/421","targetHints":{"allow":["GET"]}}],"collection":[{"href":"https:\/\/bewerbung.pomberger.com\/index.php?rest_route=\/wp\/v2\/pages"}],"about":[{"href":"https:\/\/bewerbung.pomberger.com\/index.php?rest_route=\/wp\/v2\/types\/page"}],"author":[{"embeddable":true,"href":"https:\/\/bewerbung.pomberger.com\/index.php?rest_route=\/wp\/v2\/users\/3"}],"replies":[{"embeddable":true,"href":"https:\/\/bewerbung.pomberger.com\/index.php?rest_route=%2Fwp%2Fv2%2Fcomments&post=421"}],"version-history":[{"count":0,"href":"https:\/\/bewerbung.pomberger.com\/index.php?rest_route=\/wp\/v2\/pages\/421\/revisions"}],"wp:attachment":[{"href":"https:\/\/bewerbung.pomberger.com\/index.php?rest_route=%2Fwp%2Fv2%2Fmedia&parent=421"}],"curies":[{"name":"wp","href":"https:\/\/api.w.org\/{rel}","templated":true}]}}